2 - 10*q + 15. Determine y(v).
-55
Let a(x) be the first derivative of 18*x**2 - 213*x + 2131. Calculate a(6).
3
Let q(n) be the second derivative of 7*n**5/20 - 3*n. Suppose -8*z = -7*z + 2*m - 9, -z + 5 = m. Determine q(z).
7
Let v(r) = r**2 + 879 - 78*r - 936 + 44*r. Determine v(36).
15
Let k(l) = -7*l**2 + 11*l + 17. Let h(z) = 13*z**2 - 22*z - 31. Let o(c) = -6*h(c) - 11*k(c). Let n(p) = 8*p + 40. Let a be n(-4). Calculate o(a).
23
Let a(n) = -5*n + 0*n - 37 + 68 + 144. Give a(34).
5
Let p(o) = -o**2 + 4*o + 3. Let d(z) = -7*z + 40. Let h be d(12). Let f be 8/(-10) + 3/((-15)/h). Let t be 5 + 2/f + (-9)/4. Calculate p(t).
6
Let q(f) = -f**3 + 4*f**2 - 3*f + 1. Let n be ((-728)/65)/((-4)/70). Let r = n - 124. Let w be 1/(-8) - (-297)/r. Calculate q(w).
-11
Let d(z) = -z**2 + 11*z + 9. Let n be d(10). Let m be (2 - n) + (-1 - 3). Let p be (-4)/14 + 6/m*-29. Let k(i) = i - 1. Give k(p).
7
Suppose -6 = 2*x + 5*m, 5*x = 6*m - 8*m + 6. Let g(v) = -4 + 11*v + 19*v**x - v - 18*v**2. Determine g(-11).
7
Let q(b) be the first derivative of -b**2/2 - 8*b - 5914. Determine q(-3).
-5
Let h(a) = 11*a**3 + 4*a**2 + 19*a + 23. Suppose -33*x - 6 = -32*x. Let q(d) = 5*d**3 + 2*d**2 + 9*d + 11. Let c(b) = x*h(b) + 13*q(b). Determine c(4).
-15
Let n(p) = -p**3 + 7*p**2 + 2*p - 11. Let k be n(7). Let b be (7/(63/k))/(2/6). Let l(x) = -7*x. Calculate l(b).
-7
Let b(d) = -d**2 - d - 1. Let w be -41*(-5 + 6)/(3/(-3)). Suppose 22*i + w + 3 = 0. Determine b(i).
-3
Let a(y) = -6*y + 19. Suppose 3*s - 10 + 7 = 0. Let f(p) be the first derivative of -p**2/2 + p - 13. Let g(i) = s*a(i) - 5*f(i). Determine g(12).
2
Let w(z) = -3*z**2 - 8*z**3 + 2*z + 0*z**3 + 17*z**3 + 2 + 0*z. What is w(2)?
66
Let m be (-18)/14 - (60/(-75))/(14/5). Let u(f) = 7*f**2 - 6*f - 6. What is u(m)?
7
Let z = -18610 - -18637. Let d(p) be the first derivative of 2*p + 1/2*p**2 + z. What is d(-8)?
-6
Let c(h) be the first derivative of h**4/12 + h**3 + 33*h**2 - 2*h - 97. Let r(b) be the second derivative of c(b). Let a be (-23)/5 - 2/5. Determine r(a).
-4
Let i(s) = 7 - 9 - 513*s**2 - 15 + 253*s**2 + 15*s + 257*s**2. What is i(3)?
1
Suppose -5*r = -5*h - 25, 3*r + 2*r + 3*h - 33 = 0. Let o(i) = -6031 - 6066 + 11*i + 18117 - 6023 - 2*i**2. Calculate o(r).
-9
Let f(v) = -v. Let q(w) = w**3 - 6*w**2 + 8*w + 7. Let o(m) = 2*f(m) + q(m). Suppose -11*a + 135 = 16*a. Give o(a).
12
Let d be (4 + -1)/(3/(-2)). Let j(b) be the second derivative of b**5/60 + b**3/3 + 45*b**2 + 4*b - 1. Let v(a) be the first derivative of j(a). What is v(d)?
6
Let r(u) be the second derivative of 49*u + 0 - 1/12*u**4 + 11/2*u**2 + 0*u**3. What is r(0)?
11
Let k be (15/(-9))/(5/(-60)). Let a(m) = -7 - m**2 + 28 - 3*m - k. What is a(-2)?
3
Suppose 15 = 2*h + h. Suppose 4*s - 16 = 2*d, h*s - 5*d - 18 = -3. Let r(f) = -2*f - 2 - f**2 + 4*f - f + 6*f. Calculate r(s).
8
Let d(l) = -4 - 3*l + 667*l**2 + 670*l**2 - 1331*l**2 + 3*l**3 - 6 - 2*l**3. Let u(k) = -k - 13. Let s be u(-7). Give d(s).
8
Let p(j) be the third derivative of 0*j**3 + 0 - 2*j - 11*j**2 - 1/12*j**4 + 1/30*j**5. Calculate p(-3).
24
Let l(q) = 12*q**2 + 20*q - 2. Let k(g) = -g**2 - 9*g**2 + 10*g**2 - 5*g**2 - 10*g + 1. Let h(a) = 7*k(a) + 3*l(a). Give h(5).
-24
Let u(n) = -n**3 - 51*n**2 - 104*n - 288. Let t be u(-49). Let g(l) = -l**3 + 5*l**2 + 3*l - 2. Calculate g(t).
-20
Let m(h) = -24*h - 18. Let x(l) = -2*l - 1. Let w(k) = -m(k) + 8*x(k). Let t(g) = -7*g - 9. Let b(r) = 6*t(r) + 5*w(r). Determine b(-3).
2
Suppose -2*n + 4*c = -2, -2*n + c + 0 + 5 = 0. Let d(x) be the third derivative of 1/8*x**4 - 1/120*x**6 - 52*x**2 + 0*x + 1/20*x**5 - 1/6*x**3 + 0. Give d(n).
8
Let j(t) = -26*t - 2. Let y(i) be the third derivative of -18*i**2 - 17/24*i**4 + 0 + 0*i - 1/6*i**3. Let c(s) = 5*j(s) - 8*y(s). What is c(2)?
10
Let s be (1 - 6/4)*(-13 + 1). Let x(y) = 3*y**2 - 6*y + 4. Let j(w) = -w**2 - 2*w + 2. Let o(g) = 2*j(g) + x(g). What is o(s)?
-16
Let s(r) be the second derivative of -r**5/20 - 5*r**4/12 - 2*r**3/3 - 15*r**2/2 + 4959*r. What is s(-5)?
5
Let m(t) = -2*t**3 - 5*t**2 + 4*t - 1. Let b = 1583 - 1586. Give m(b).
-4
Let q be (-3)/(-8) + 42245/3976. Let p(k) = -31*k + 333. What is p(q)?
-8
Suppose 102*r - 153*r + 153 = 0. Let t(w) be the second derivative of 0 + 3*w + r*w**2 + 1/12*w**4 + 1/2*w**3. What is t(-6)?
24
Let j = 74 - 70. Let f(c) = -3*c**3 + 4*c**2 + 2*c - 1. Let q(g) = 4*g**3 - 4*g**2 - 3*g + 2. Let x(u) = -3*f(u) - 2*q(u). What is x(j)?
-1
Suppose 5*i - 21 - 14 = 0. Let l(p) be the second derivative of -p**5/20 + 7*p**4/12 - 5*p**3/6 + 5*p**2 - 16*p + 20. Determine l(i).
-25
Suppose 0 = -5*d - 6*d + 374. Let n = d + -9. Let u(m) = -m + 5 - m - n + 15. What is u(-6)?
7
Suppose 4*w = -5*g + 517 - 152, 2*g - 159 = w. Let b be g/(-22) + ((-30)/(-4))/5. Let x(l) = l**3 + 2*l**2 + 3*l + 4. Give x(b).
-2
Let m(s) be the second derivative of -s**5/20 + 8*s**3/3 - 5*s**2/2 - s + 40. Determine m(0).
-5
Let d(p) be the second derivative of -p**5/20 - 7*p**4/6 + p**3/6 + 3*p**2 - 9*p + 25. Determine d(-14).
-8
Let d(o) = -4*o**3 - 2*o**2 + o - 2. Let a be 285/190 - (-2)/4. Calculate d(a).
-40
Let h(r) = r**3 - 4*r**2 + 11*r - 42. Let t be h(4). Let w(f) be the first derivative of f**2/2 - f - 19. Calculate w(t).
1
Let l(m) = -m**3 - 94 - 13*m**2 - 676*m + 1349*m - 682*m. Calculate l(-13).
23
Let a(m) be the first derivative of 63 + 3*m - 1/2*m**2. Give a(0).
3
Let r = -1 - -1. Let w(l) = -2*l**3 + 17*l**2 + 9*l + 19. Let h be w(9). Let m(s) = h - 9 - 13 - s. What is m(r)?
-3
Let w = 26215 - 26216. Let q(u) = -36*u**3 + 2*u**2 + u. Calculate q(w).
37
Suppose 4*u - 2*j = -54, -45*u = -48*u - 2*j - 16. Let q(n) = n**2 + 8*n - 14. Calculate q(u).
6
Let w(p) = -p**2 - 6*p - 3. Let r(z) = -34*z - 2. Let x be r(4). Let q = -23 + 156. Let j = x + q. Determine w(j).
2
Let g(c) = -51*c**2 - 188*c - 8. Let l(m) = -18*m**2 - 63*m - 3. Let w(f) = 4*g(f) - 11*l(f). Determine w(-10).
-9
Suppose 0 = -5*n + 8 - 20 - 18. Let v(u) = -7*u - 35. What is v(n)?
7
Let u(b) = -66*b**2 - 27*b - 27. Suppose 26*r + 6*r + 864 = 0. Let w(v) = -6*v**2 + 0*v**2 - 2 + v**2 - 2*v. Let q(o) = r*w(o) + 2*u(o). Determine q(-1).
3
Let c(s) be the first derivative of 3/4*s**4 - 1/3*s**3 + 70 + 2*s + 3/2*s**2. Determine c(-2).
-32
Let v(h) = -20*h**3 + 57*h**2 - 233*h + 110. Let f(a) = 11*a**3 - 28*a**2 + 130*a - 55. Let c(q) = 11*f(q) + 6*v(q). What is c(-33)?
88
Let g(z) = -z**2 + 22*z - 25. Let o be 18 + (-2)/(-4)*-2 - (8 + -8). Calculate g(o).
60
Let q(y) = 187*y**3 + 11*y**2 + 2*y - 15. Let h(x) = -125*x**3 - 10*x**2 + 16. Let s(j) = -3*h(j) - 2*q(j). Calculate s(-8).
14
Let l(r) be the first derivative of -1/4*r**4 - 7/3*r**3 - 5/2*r**2 + 17 + 5*r. Determine l(-6).
-1
Let f(u) = -3*u + 5. Let h = -159 - -154. Let m(k) = k**3 + 5*k**2 - k - 2. Let l be m(h). Calculate f(l).
-4
Let w = 4 + -2. Suppose w*j = -r, -2*j - 2 = -0*j. Let d(s) = 4 + 1 - 2*s**r + 0*s**2 - 3. Determine d(2).
-6
Suppose 97 + 11 = -6*z. Let m(y) = y**3 + 18*y**2 - 1. Let b be m(z). Let q(c) = -20*c. What is q(b)?
20
Let z(n) = n**3 - 20*n**2 + 41*n - 91. Let v be z(18). Let p(x) = 9*x + 1. Determine p(v).
-8
Let q(s) = -s**3 - 23*s**2 + 26*s + 48. Let d be 1*-15 - (-7 + (9 - -7)). Calculate q(d).
0
Let f(b) be the second derivative of b**4/12 + b**3/3 + b**2/2 - 33*b. Let j(k) = -6*k**2 - 3*k - 11. Let h(x) = 5*f(x) + j(x). Let r = -9 - -15. What is h(r)?
0
Let v(k) = -k**2 - 2*k - 1. Let t(w) = -2*w**2 - 2*w. Let r(b) = -2*t(b) + 3*v(b). Suppose 12 = 9*q - 15. Determine r(q).
0
Suppose 4*r + 31 = 15*i - 16*i, 5*i - 4*r = 37. Let n(g) = -22*g + 5. Give n(i).
-17
Let r(j) = -3*j + 6. Let l(h) = -h**2 + 5 + 9 + 10*h + 4. Suppose -84*n - 26*n + 1210 = 0. Let c be l(n). What is r(c)?
-15
Let v(l) be the first derivative of -2*l - 19/6*l**3 - 1/2*l**2 - 3. Let s(f) be the first derivative of v(f). Give s(1).
-20
Let c = 311 - 301. Let l(q) = -1 + c*q + 8 - 2 - q**2 - 6. Calculate l(9).
8
Let c be ((-2)/(-3))/((-4)/(-30)). Suppose -4 = -c*y + 6. Let b(u) = u**y + 13 - 3*u + 10 - 19. Determine b(5).
14
Let q(x) = -4 - x - 2*x + 1. Let c be (-14)/2*5/(-5) + 3. Suppose 12*p + c = 7*p. Determine q(p).
3
Let f(z) = -4*z**3 - 3*z**2 - 3*z - 1. Let i be f(-1). Suppose -4*a = k + 36, -2*k - 27 = 3*a - i*k. Let p(j) = j**2 + 8*j